{"id":5480,"date":"2024-11-19T22:38:42","date_gmt":"2024-11-19T21:38:42","guid":{"rendered":"https:\/\/bildungsrechte.de\/anwalt\/?page_id=5480"},"modified":"2024-11-19T22:50:44","modified_gmt":"2024-11-19T21:50:44","slug":"ueber-uns","status":"publish","type":"page","link":"https:\/\/bildungsrechte.de\/anwalt\/ueber-uns\/","title":{"rendered":"\u00dcber uns"},"content":{"rendered":"<h1>\u00dcber uns \u2013 Rechtsanwalt Peter Weber und die Rechtsanwaltskanzlei Weber.<\/h1>\r\n<p>Willkommen bei der Rechtsanwaltskanzlei Weber \u2013 Ihrem vertrauensw\u00fcrdigen Partner f\u00fcr alle Anliegen im Bereich des Bildungsrechts. Unsere Kanzlei steht f\u00fcr kompetente Rechtsberatung und effektive Vertretung, speziell ausgerichtet auf Kita, Schule, Studium, Pr\u00fcfungsrecht und Studienplatzklagen. Mit jahrelanger Erfahrung und umfassendem Fachwissen unterst\u00fctzen wir Privatpersonen und Gesch\u00e4ftskunden in ganz Deutschland.<\/p>\r\n<h2>Wer wir sind<img loading=\"lazy\" decoding=\"async\" class=\"wp-image-6935 alignright\" src=\"https:\/\/bildungsrechte.de\/anwalt\/wp-content\/uploads\/2024\/11\/peter-weber-rechtsanwalt.jpg\" alt=\"Rechtsanwalt Peter Weber \" width=\"385\" height=\"385\" srcset=\"https:\/\/bildungsrechte.de\/anwalt\/wp-content\/uploads\/2024\/11\/peter-weber-rechtsanwalt.jpg 960w, https:\/\/bildungsrechte.de\/anwalt\/wp-content\/uploads\/2024\/11\/peter-weber-rechtsanwalt-300x300.jpg 300w, https:\/\/bildungsrechte.de\/anwalt\/wp-content\/uploads\/2024\/11\/peter-weber-rechtsanwalt-150x150.jpg 150w, https:\/\/bildungsrechte.de\/anwalt\/wp-content\/uploads\/2024\/11\/peter-weber-rechtsanwalt-768x768.jpg 768w\" sizes=\"auto, (max-width: 385px) 100vw, 385px\" \/><\/h2>\r\n<p>Rechtsanwalt Peter Weber, der Gr\u00fcnder und Inhaber der Kanzlei, ist ein ausgewiesener Experte im Bereich des Bildungsrechts. Seit seiner Zulassung bei der Rechtsanwaltskammer M\u00fcnchen im Jahr 2022 ber\u00e4t und vertritt er seine Mandanten mit Leidenschaft und Durchsetzungsverm\u00f6gen. Seine fundierte juristische Ausbildung an der renommierten Ludwig-Maximilians-Universit\u00e4t M\u00fcnchen und seine achtj\u00e4hrige Berufserfahrung als juristischer Mitarbeiter in der Rechtsanwaltskanzlei Riechwald haben ihn zu einem der f\u00fchrenden Anw\u00e4lte im Bildungsrecht gemacht. Mit seiner Kanzlei in M\u00fcnchen verfolgt Rechtsanwalt Peter Weber das Ziel, Bildungsgerechtigkeit zu schaffen und seinen Mandanten in schwierigen Situationen schnell und unkompliziert zu helfen. Dank seiner hohen fachlichen Kompetenz, Durchsetzungsst\u00e4rke und der offenen, freundlichen Kommunikation geh\u00f6rt er zu den Top-Anw\u00e4lten im Bereich des Bildungsrechts.<\/p>\r\n<h2>Unsere Vision<\/h2>\r\n<p>Bildung ist ein fundamentales Recht, das nicht nur die Basis f\u00fcr individuelle Entwicklung und gesellschaftlichen Fortschritt bildet, sondern auch gesch\u00fctzt werden muss. Unsere Kanzlei setzt sich daf\u00fcr ein, dass jedes Kind, jeder Sch\u00fcler und jeder Studierende die bestm\u00f6glichen Bildungschancen erh\u00e4lt. Wir sehen uns nicht nur als rechtlicher Beistand, sondern als Partner, der Sie durch die komplexen Strukturen des Bildungsrechts f\u00fchrt und Ihnen zu Ihrem Recht verhilft.<\/p>\r\n\r\n<ul class=\"wp-block-social-links is-layout-flex wp-block-social-links-is-layout-flex\"><li class=\"wp-social-link wp-social-link-gravatar  wp-block-social-link\"><a rel=\"me\" href=\"https:\/\/gravatar.com\/bildungsrechte\" class=\"wp-block-social-link-anchor\"><svg width=\"24\" height=\"24\" viewBox=\"0 0 24 24\" version=\"1.1\" xmlns=\"http:\/\/www.w3.org\/2000\/svg\" aria-hidden=\"true\" focusable=\"false\"><path d=\"M10.8001 4.69937V10.6494C10.8001 11.1001 10.9791 11.5323 11.2978 11.851C11.6165 12.1697 12.0487 12.3487 12.4994 12.3487C12.9501 12.3487 13.3824 12.1697 13.7011 11.851C14.0198 11.5323 14.1988 11.1001 14.1988 10.6494V6.69089C15.2418 7.05861 16.1371 7.75537 16.7496 8.67617C17.3622 9.59698 17.6589 10.6919 17.595 11.796C17.5311 12.9001 17.1101 13.9535 16.3954 14.7975C15.6807 15.6415 14.711 16.2303 13.6325 16.4753C12.5541 16.7202 11.4252 16.608 10.4161 16.1555C9.40691 15.703 8.57217 14.9348 8.03763 13.9667C7.50308 12.9985 7.29769 11.8828 7.45242 10.7877C7.60714 9.69266 8.11359 8.67755 8.89545 7.89537C9.20904 7.57521 9.38364 7.14426 9.38132 6.69611C9.37899 6.24797 9.19994 5.81884 8.88305 5.50195C8.56616 5.18506 8.13704 5.00601 7.68889 5.00369C7.24075 5.00137 6.80979 5.17597 6.48964 5.48956C5.09907 6.8801 4.23369 8.7098 4.04094 10.6669C3.84819 12.624 4.34 14.5873 5.43257 16.2224C6.52515 17.8575 8.15088 19.0632 10.0328 19.634C11.9146 20.2049 13.9362 20.1055 15.753 19.3529C17.5699 18.6003 19.0695 17.241 19.9965 15.5066C20.9234 13.7722 21.2203 11.7701 20.8366 9.84133C20.4528 7.91259 19.4122 6.17658 17.892 4.92911C16.3717 3.68163 14.466 2.99987 12.4994 3C12.0487 3 11.6165 3.17904 11.2978 3.49773C10.9791 3.81643 10.8001 4.24867 10.8001 4.69937Z\" \/><\/svg><span class=\"wp-block-social-link-label screen-reader-text\">Gravatar<\/span><\/a><\/li><\/ul>\r\n\r\n<h2>Unser Leistungsspektrum<\/h2>\r\n<p>Unsere Kanzlei deckt alle Bereiche des Bildungsrechts ab, von fr\u00fchkindlicher Bildung \u00fcber Schulrecht bis hin zum Hochschulrecht. Wir stehen Ihnen bei rechtlichen Herausforderungen zur Seite, egal ob es sich um Kitaplatzklagen, Schulaufnahmeverfahren, Studienplatzklagen oder Pr\u00fcfungsrecht handelt.<\/p>\r\n<h3>Kita &amp; Kindergarten<\/h3>\r\n<p>Bildungsrecht beginnt schon in der fr\u00fchkindlichen Phase. Wir unterst\u00fctzen Sie bei Themen wie Kitaplatzklagen, Bedarfsplanung, Tr\u00e4gerschaft oder Streitigkeiten rund um Kindergartenvertr\u00e4ge und Gastkinder. Gerade in der sensiblen Phase der fr\u00fchkindlichen Bildung ist es wichtig, schnell und effektiv zu handeln, um die bestm\u00f6gliche Betreuung f\u00fcr Ihr Kind sicherzustellen.<\/p>\r\n<h3>Schulrecht<\/h3>\r\n<p>Das Schulrecht ist ein Schwerpunkt unserer Kanzlei. Hier helfen wir bei Problemen wie Schulaufnahmen, Schulwechsel, Versetzung, Nachteilsausgleich, Inklusion, Mobbing, Disziplinar- und Ordnungsma\u00dfnahmen sowie Infektionsschutzma\u00dfnahmen. Wir verstehen, dass Konflikte im schulischen Umfeld nicht nur rechtliche, sondern auch emotionale Herausforderungen darstellen, und unterst\u00fctzen Sie daher mit Einf\u00fchlungsverm\u00f6gen und Expertise.<\/p>\r\n<h3>Hochschulrecht<\/h3>\r\n<p>Studierende sehen sich h\u00e4ufig mit rechtlichen Problemen konfrontiert, die von der Hochschulzulassung \u00fcber die Anrechnung von Leistungen bis hin zu Pr\u00fcfungsrecht oder BAf\u00f6G-Streitigkeiten reichen. Wir sind Ihre kompetenten Ansprechpartner, wenn es darum geht, Ihre Rechte an Hochschulen durchzusetzen, sei es durch Studienplatzklagen, Kl\u00e4rung von Bewertungsfehlern oder Unterst\u00fctzung bei der Promotion.<\/p>\r\n<h3>Pr\u00fcfungsrecht<\/h3>\r\n<p>Das Pr\u00fcfungsrecht ist ein komplexer Bereich, in dem wir Mandanten bei Fragen zu Pr\u00fcfungsr\u00fccktritt, Nachteilsausgleich, endg\u00fcltigem Nichtbestehen oder Bewertungsfehlern unterst\u00fctzen. Mit unserem Fachwissen kl\u00e4ren wir, welche rechtlichen Schritte m\u00f6glich sind, und helfen Ihnen, Ihre Chancen zu maximieren.<\/p>\r\n<h2>Unsere Arbeitsweise<\/h2>\r\n<p>Wir sind stets f\u00fcr Sie erreichbar und legen gro\u00dfen Wert darauf, unseren Mandanten eine zuverl\u00e4ssige und unkomplizierte Beratung zu bieten. Die erste telefonische Beratung ist kostenlos und unverbindlich. In einem bis zu 30-min\u00fctigen Gespr\u00e4ch analysieren wir Ihre Situation, kl\u00e4ren Ihre rechtlichen M\u00f6glichkeiten, Risiken und Handlungsoptionen und entwickeln einen individuellen Plan. Unsere Mandanten sch\u00e4tzen unsere transparente Arbeitsweise und unsere klar strukturierte Vorgehensweise. Von der Erstberatung bis zur vollst\u00e4ndigen Vertretung im Gerichtsverfahren stehen wir Ihnen zur Seite, um Ihre Ziele zu erreichen.<\/p>\r\n<h2>Was uns auszeichnet<\/h2>\r\n<ul>\r\n<li><strong>Erfahrung und Expertise:<\/strong> Mit jahrelanger Erfahrung im Bildungsrecht und tiefem Verst\u00e4ndnis f\u00fcr die rechtlichen Herausforderungen in diesem Bereich z\u00e4hlen wir zu den f\u00fchrenden Kanzleien in Deutschland.<\/li>\r\n<li><strong>Mandantenzufriedenheit:<\/strong> 97 % unserer Mandanten w\u00fcrden uns weiterempfehlen. Die positive R\u00fcckmeldung unserer Kunden motiviert uns, stets unser Bestes zu geben.<\/li>\r\n<li><strong>Erfolge:<\/strong> Dank unserer Durchsetzungsst\u00e4rke und Verhandlungsgeschick haben wir in zahlreichen F\u00e4llen erfolgreich Mandantenrechte durchgesetzt.<\/li>\r\n<li><strong>Moderne Arbeitsweise:<\/strong> Wir nutzen moderne Kommunikationsmittel und effiziente Prozesse, um Ihre Anliegen schnell und effektiv zu bearbeiten.<\/li>\r\n<\/ul>\r\n<h2>Mandantenstimmen<\/h2>\r\n<p>Unsere Mandanten loben unsere schnelle, unkomplizierte Hilfe und unsere F\u00e4higkeit, selbst in schwierigen F\u00e4llen L\u00f6sungen zu finden:<\/p>\r\n<ul>\r\n<li><em>\u201eDanke nochmal f\u00fcr die schnelle &amp; unkomplizierte Hilfe, ohne euch h\u00e4tte ich den Schulplatz nie bekommen.\u201c<\/em> \u2013 Chi K.<\/li>\r\n<li><em>\u201eAus meiner Sicht die beste Kanzlei in Deutschland, wenn es um Bildungsrechte geht!!!\u201c<\/em> \u2013 Severin R.<\/li>\r\n<li><em>\u201eHerr Weber gab einen wichtigen Tipp, der das Problem vollends beseitigen konnte.\u201c<\/em> \u2013 Renate M.<\/li>\r\n<\/ul>\r\n<h2>Kontaktieren Sie uns<\/h2>\r\n<p>Wenn Sie rechtliche Unterst\u00fctzung ben\u00f6tigen, z\u00f6gern Sie nicht, uns zu kontaktieren. Sie erreichen uns telefonisch unter <strong>089 21527072<\/strong>, per E-Mail an <strong><a rel=\"noopener\">info@bildungsrechte.de<\/a><\/strong> oder \u00fcber unser Kontaktformular auf <strong><a href=\"http:\/\/www.bildungsrechte.de\" target=\"_new\" rel=\"noopener\">www.bildungsrechte.de<\/a><\/strong>. Unser Ziel ist es, Ihnen schnell und effektiv zu helfen, damit Sie sich auf das Wesentliche konzentrieren k\u00f6nnen: die bestm\u00f6gliche Bildung f\u00fcr sich oder Ihre Angeh\u00f6rigen. <strong>Rechtsanwaltskanzlei Weber \u2013 Ihr Partner f\u00fcr Bildungsgerechtigkeit.<\/strong><\/p>","protected":false},"excerpt":{"rendered":"<p>\u00dcber uns \u2013 Rechtsanwalt Peter Weber und die Rechtsanwaltskanzlei Weber. Willkommen bei der Rechtsanwaltskanzlei Weber \u2013 Ihrem vertrauensw\u00fcrdigen Partner f\u00fcr alle Anliegen im Bereich des Bildungsrechts. Unsere Kanzlei steht f\u00fcr kompetente Rechtsberatung und effektive Vertretung, speziell ausgerichtet auf Kita, Schule, Studium, Pr\u00fcfungsrecht und Studienplatzklagen. Mit jahrelanger Erfahrung und umfassendem Fachwissen unterst\u00fctzen wir Privatpersonen und Gesch\u00e4ftskunden&hellip;&nbsp;<a href=\"https:\/\/bildungsrechte.de\/anwalt\/ueber-uns\/\" rel=\"bookmark\">Mehr lesen &raquo;<span class=\"screen-reader-text\">\u00dcber uns<\/span><\/a><\/p>\n","protected":false},"author":1,"featured_media":0,"parent":0,"menu_order":0,"comment_status":"closed","ping_status":"closed","template":"","meta":{"neve_meta_sidebar":"","neve_meta_container":"","neve_meta_enable_content_width":"off","neve_meta_content_width":100,"neve_meta_title_alignment":"","neve_meta_author_avatar":"","neve_post_elements_order":"","neve_meta_disable_header":"","neve_meta_disable_footer":"","neve_meta_disable_title":"","neve_meta_reading_time":"","footnotes":""},"class_list":["post-5480","page","type-page","status-publish","hentry"],"aioseo_notices":[],"_links":{"self":[{"href":"https:\/\/bildungsrechte.de\/anwalt\/wp-json\/wp\/v2\/pages\/5480","targetHints":{"allow":["GET"]}}],"collection":[{"href":"https:\/\/bildungsrechte.de\/anwalt\/wp-json\/wp\/v2\/pages"}],"about":[{"href":"https:\/\/bildungsrechte.de\/anwalt\/wp-json\/wp\/v2\/types\/page"}],"author":[{"embeddable":true,"href":"https:\/\/bildungsrechte.de\/anwalt\/wp-json\/wp\/v2\/users\/1"}],"replies":[{"embeddable":true,"href":"https:\/\/bildungsrechte.de\/anwalt\/wp-json\/wp\/v2\/comments?post=5480"}],"version-history":[{"count":5,"href":"https:\/\/bildungsrechte.de\/anwalt\/wp-json\/wp\/v2\/pages\/5480\/revisions"}],"predecessor-version":[{"id":7156,"href":"https:\/\/bildungsrechte.de\/anwalt\/wp-json\/wp\/v2\/pages\/5480\/revisions\/7156"}],"wp:attachment":[{"href":"https:\/\/bildungsrechte.de\/anwalt\/wp-json\/wp\/v2\/media?parent=5480"}],"curies":[{"name":"wp","href":"https:\/\/api.w.org\/{rel}","templated":true}]}}